{"version":"1.0","provider_name":"AR Digital Noticias","provider_url":"https:\/\/ardigitalnoticias.com","author_name":"AR Digital Noticias","author_url":"https:\/\/ardigitalnoticias.com\/index.php\/author\/editorial\/","title":"\u00a1JUSTICIA CIUDADANA EN ACCI\u00d3N! - AR Digital Noticias","type":"rich","width":600,"height":338,"html":"<blockquote class=\"wp-embedded-content\" data-secret=\"WxFP3UoPzZ\"><a href=\"https:\/\/ardigitalnoticias.com\/index.php\/2025\/03\/02\/justicia-ciudadana-en-accion\/\">\u00a1JUSTICIA CIUDADANA EN ACCI\u00d3N!<\/a><\/blockquote><iframe sandbox=\"allow-scripts\" security=\"restricted\" src=\"https:\/\/ardigitalnoticias.com\/index.php\/2025\/03\/02\/justicia-ciudadana-en-accion\/embed\/#?secret=WxFP3UoPzZ\" width=\"600\" height=\"338\" title=\"\u00ab\u00a1JUSTICIA CIUDADANA EN ACCI\u00d3N!\u00bb \u2014 AR Digital Noticias\" data-secret=\"WxFP3UoPzZ\" frameborder=\"0\" marginwidth=\"0\" marginheight=\"0\" scrolling=\"no\" class=\"wp-embedded-content\"><\/iframe><script type=\"text\/javascript\">\n\/* <![CDATA[ *\/\n\/*! This file is auto-generated *\/\n!function(d,l){\"use strict\";l.querySelector&&d.addEventListener&&\"undefined\"!=typeof URL&&(d.wp=d.wp||{},d.wp.receiveEmbedMessage||(d.wp.receiveEmbedMessage=function(e){var t=e.data;if((t||t.secret||t.message||t.value)&&!\/[^a-zA-Z0-9]\/.test(t.secret)){for(var s,r,n,a=l.querySelectorAll('iframe[data-secret=\"'+t.secret+'\"]'),o=l.querySelectorAll('blockquote[data-secret=\"'+t.secret+'\"]'),c=new RegExp(\"^https?:$\",\"i\"),i=0;i<o.length;i++)o[i].style.display=\"none\";for(i=0;i<a.length;i++)s=a[i],e.source===s.contentWindow&&(s.removeAttribute(\"style\"),\"height\"===t.message?(1e3<(r=parseInt(t.value,10))?r=1e3:~~r<200&&(r=200),s.height=r):\"link\"===t.message&&(r=new URL(s.getAttribute(\"src\")),n=new URL(t.value),c.test(n.protocol))&&n.host===r.host&&l.activeElement===s&&(d.top.location.href=t.value))}},d.addEventListener(\"message\",d.wp.receiveEmbedMessage,!1),l.addEventListener(\"DOMContentLoaded\",function(){for(var e,t,s=l.querySelectorAll(\"iframe.wp-embedded-content\"),r=0;r<s.length;r++)(t=(e=s[r]).getAttribute(\"data-secret\"))||(t=Math.random().toString(36).substring(2,12),e.src+=\"#?secret=\"+t,e.setAttribute(\"data-secret\",t)),e.contentWindow.postMessage({message:\"ready\",secret:t},\"*\")},!1)))}(window,document);\n\/\/# sourceURL=https:\/\/ardigitalnoticias.com\/wp-includes\/js\/wp-embed.min.js\n\/* ]]> *\/\n<\/script>\n","thumbnail_url":"https:\/\/ardigitalnoticias.com\/wp-content\/uploads\/2025\/03\/InShot_20250302_120150857.jpg","thumbnail_width":1920,"thumbnail_height":1079,"description":"Comunidad del barrio La Rioja atrap\u00f3 a presunto ladr\u00f3n. POR: ANDR\u00c9S RODR\u00cdGUEZ. Cansados de la inseguridad, los habitantes del barrio La Rioja en Neiva decidieron tomar cartas en el asunto. En un hecho que ha generado gran revuelo, la comunidad atrap\u00f3 a un presunto ladr\u00f3n que, seg\u00fan denuncias, ven\u00eda azotando la zona con constantes robos. [&hellip;]"}

¡JUSTICIA CIUDADANA EN ACCIÓN! - AR Digital Noticias

<blockquote class="wp-embedded-content" data-secret="WxFP3UoPzZ"><a href="https://ardigitalnoticias.com/index.php/2025/03/02/justicia-ciudadana-en-accion/">¡JUSTICIA CIUDADANA EN ACCIÓN!</a></blockquote><iframe sandbox="allow-scripts" security="restricted" src="https://ardigitalnoticias.com/index.php/2025/03/02/justicia-ciudadana-en-accion/embed/#?secret=WxFP3UoPzZ" width="600" height="338" title="«¡JUSTICIA CIUDADANA EN ACCIÓN!» — AR Digital Noticias" data-secret="WxFP3UoPzZ" frameborder="0" marginwidth="0" marginheight="0" scrolling="no" class="wp-embedded-content"></iframe><script type="text/javascript">
/* <![CDATA[ */
/*! This file is auto-generated */
!function(d,l){"use strict";l.querySelector&&d.addEventListener&&"undefined"!=typeof URL&&(d.wp=d.wp||{},d.wp.receiveEmbedMessage||(d.wp.receiveEmbedMessage=function(e){var t=e.data;if((t||t.secret||t.message||t.value)&&!/[^a-zA-Z0-9]/.test(t.secret)){for(var s,r,n,a=l.querySelectorAll('iframe[data-secret="'+t.secret+'"]'),o=l.querySelectorAll('blockquote[data-secret="'+t.secret+'"]'),c=new RegExp("^https?:$","i"),i=0;i<o.length;i++)o[i].style.display="none";for(i=0;i<a.length;i++)s=a[i],e.source===s.contentWindow&&(s.removeAttribute("style"),"height"===t.message?(1e3<(r=parseInt(t.value,10))?r=1e3:~~r<200&&(r=200),s.height=r):"link"===t.message&&(r=new URL(s.getAttribute("src")),n=new URL(t.value),c.test(n.protocol))&&n.host===r.host&&l.activeElement===s&&(d.top.location.href=t.value))}},d.addEventListener("message",d.wp.receiveEmbedMessage,!1),l.addEventListener("DOMContentLoaded",function(){for(var e,t,s=l.querySelectorAll("iframe.wp-embedded-content"),r=0;r<s.length;r++)(t=(e=s[r]).getAttribute("data-secret"))||(t=Math.random().toString(36).substring(2,12),e.src+="#?secret="+t,e.setAttribute("data-secret",t)),e.contentWindow.postMessage({message:"ready",secret:t},"*")},!1)))}(window,document);
//# sourceURL=https://ardigitalnoticias.com/wp-includes/js/wp-embed.min.js
/* ]]> */
</script>

Comunidad del barrio La Rioja atrapó a presunto ladrón. POR: ANDRÉS RODRÍGUEZ. Cansados de la inseguridad, los habitantes del barrio La Rioja en Neiva decidieron tomar cartas en el asunto. En un hecho que ha generado gran revuelo, la comunidad atrapó a un presunto ladrón que, según denuncias, venía azotando la zona con constantes robos. [&hellip;]
