{"version":"1.0","provider_name":"AR Digital Noticias","provider_url":"https:\/\/ardigitalnoticias.com","author_name":"Maria Fernanda Plazas","author_url":"https:\/\/ardigitalnoticias.com\/index.php\/author\/maria-fernanda-plazas\/","title":"AGUA ESCASA, FUTURO EN RIESGO - AR Digital Noticias","type":"rich","width":600,"height":338,"html":"<blockquote class=\"wp-embedded-content\" data-secret=\"ATiogtB2dd\"><a href=\"https:\/\/ardigitalnoticias.com\/index.php\/2024\/04\/27\/agua-escasa-futuro-en-riesgo\/\">AGUA ESCASA, FUTURO EN RIESGO<\/a><\/blockquote><iframe sandbox=\"allow-scripts\" security=\"restricted\" src=\"https:\/\/ardigitalnoticias.com\/index.php\/2024\/04\/27\/agua-escasa-futuro-en-riesgo\/embed\/#?secret=ATiogtB2dd\" width=\"600\" height=\"338\" title=\"\u00abAGUA ESCASA, FUTURO EN RIESGO\u00bb \u2014 AR Digital Noticias\" data-secret=\"ATiogtB2dd\" frameborder=\"0\" marginwidth=\"0\" marginheight=\"0\" scrolling=\"no\" class=\"wp-embedded-content\"><\/iframe><script type=\"text\/javascript\">\n\/* <![CDATA[ *\/\n\/*! This file is auto-generated *\/\n!function(d,l){\"use strict\";l.querySelector&&d.addEventListener&&\"undefined\"!=typeof URL&&(d.wp=d.wp||{},d.wp.receiveEmbedMessage||(d.wp.receiveEmbedMessage=function(e){var t=e.data;if((t||t.secret||t.message||t.value)&&!\/[^a-zA-Z0-9]\/.test(t.secret)){for(var s,r,n,a=l.querySelectorAll('iframe[data-secret=\"'+t.secret+'\"]'),o=l.querySelectorAll('blockquote[data-secret=\"'+t.secret+'\"]'),c=new RegExp(\"^https?:$\",\"i\"),i=0;i<o.length;i++)o[i].style.display=\"none\";for(i=0;i<a.length;i++)s=a[i],e.source===s.contentWindow&&(s.removeAttribute(\"style\"),\"height\"===t.message?(1e3<(r=parseInt(t.value,10))?r=1e3:~~r<200&&(r=200),s.height=r):\"link\"===t.message&&(r=new URL(s.getAttribute(\"src\")),n=new URL(t.value),c.test(n.protocol))&&n.host===r.host&&l.activeElement===s&&(d.top.location.href=t.value))}},d.addEventListener(\"message\",d.wp.receiveEmbedMessage,!1),l.addEventListener(\"DOMContentLoaded\",function(){for(var e,t,s=l.querySelectorAll(\"iframe.wp-embedded-content\"),r=0;r<s.length;r++)(t=(e=s[r]).getAttribute(\"data-secret\"))||(t=Math.random().toString(36).substring(2,12),e.src+=\"#?secret=\"+t,e.setAttribute(\"data-secret\",t)),e.contentWindow.postMessage({message:\"ready\",secret:t},\"*\")},!1)))}(window,document);\n\/\/# sourceURL=https:\/\/ardigitalnoticias.com\/wp-includes\/js\/wp-embed.min.js\n\/* ]]> *\/\n<\/script>\n","thumbnail_url":"https:\/\/ardigitalnoticias.com\/wp-content\/uploads\/2024\/04\/Columnista-AR.png","thumbnail_width":836,"thumbnail_height":470,"description":"La sequ\u00eda es un fen\u00f3meno clim\u00e1tico complejo que se caracteriza por la escasez de precipitaciones durante un per\u00edodo prolongado. En Colombia, este fen\u00f3meno ha afectado diversas regiones del pa\u00eds, provocando consecuencias devastadoras para la agricultura, la ganader\u00eda, la disponibilidad de agua potable y la salud p\u00fablica. Adem\u00e1s, la sequ\u00eda tambi\u00e9n tiene impactos sociales y econ\u00f3micos, [&hellip;]"}

La sequía es un fenómeno climático complejo que se caracteriza por la escasez de precipitaciones durante un período prolongado. En Colombia, este fenómeno ha afectado diversas regiones del país, provocando consecuencias devastadoras para la agricultura, la ganadería, la disponibilidad de agua potable y la salud pública. Además, la sequía también tiene impactos sociales y económicos, [&hellip;]
